1636029.
333
Calculate the highest common factor of 135 and 10365.
15
Calculate the greatest common divisor of 24 and 5210904.
24
What is the greatest common divisor of 19539 and 45?
9
Calculate the greatest common factor of 290542 and 56.
14
Calculate the greatest common divisor of 8760 and 4260.
60
Calculate the greatest common divisor of 9454 and 53138.
326
Calculate the highest common factor of 1299 and 1202874.
1299
What is the greatest common factor of 411723 and 138?
69
Calculate the highest common factor of 35122 and 2618.
34
What is the greatest common divisor of 153 and 186728?
17
Calculate the greatest common factor of 2136 and 1488.
24
Calculate the highest common divisor of 1671 and 219.
3
Calculate the highest common divisor of 70 and 8535520.
70
Calculate the greatest common factor of 133190 and 380.
190
Calculate the highest common divisor of 2952 and 8610.
246
What is the greatest common divisor of 4935915 and 1035?
1035
What is the greatest common divisor of 70370 and 3632?
454
Calculate the highest common divisor of 29673 and 11618.
157
Calculate the highest common factor of 738 and 2061.
9
What is the greatest common factor of 47 and 68385?
47
What is the greatest common divisor of 1074 and 1038?
6
Calculate the highest common divisor of 46202 and 234.
26
Calculate the highest common factor of 48 and 49314.
6
What is the highest common factor of 407 and 251933?
407
What is the highest common factor of 5763 and 13668?
51
What is the highest common divisor of 1105148 and 44?
44
What is the highest common divisor of 2548 and 98980?
196
What is the greatest common divisor of 13706 and 3827?
89
Calculate the greatest common divisor of 28 and 4428452.
28
Calculate the highest common divisor of 14 and 1050434.
14
What is the greatest common factor of 4900 and 131400?
100
What is the highest common divisor of 14000 and 31640?
280
What is the highest common divisor of 43333 and 34?
17
Calculate the highest common factor of 16748 and 3604.
212
Calculate the highest common factor of 10752 and 1260.
84
What is the greatest common divisor of 501169 and 302?
151
What is the highest common factor of 1790139 and 13?
13
What is the greatest common divisor of 62604 and 74?
74
What is the greatest common factor of 1734 and 961214?
578
Calculate the greatest common factor of 2424 and 12984.
24
Calculate the highest common factor of 135 and 1019115.
135
Calculate the highest common factor of 119698 and 194.
194
Calculate the highest common factor of 4152 and 2025657.
519
Calculate the greatest common divisor of 65 and 90.
5
What is the greatest common factor of 96236 and 56?
28
What is the highest common divisor of 32 and 48088?
8
Calculate the highest common factor of 1033688 and 13816.
1256
What is the greatest common divisor of 668026 and 422?
422
Calculate the highest common factor of 291 and 4074.
291
What is the greatest common divisor of 3771482 and 286?
286
What is the greatest common factor of 788 and 19897?
197
Calculate the greatest common factor of 517208 and 32.
8
Calculate the highest common divisor of 46428 and 13359.
219
Calculate the greatest common factor of 356968 and 48.
8
Calculate the highest common divisor of 385 and 2464.
77
What is the greatest common factor of 1504 and 20398?
94
Calculate the highest common divisor of 3675 and 3885.
105
Calculate the greatest common factor of 3750 and 2076.
6
Calculate the highest common factor of 8989 and 3382.
89
What is the highest common factor of 2961 and 40796?
329
What is the highest common factor of 1026 and 171?
171
Calculate the highest common divisor of 90 and 114930.
90
What is the greatest common divisor of 580315 and 5540?
1385
What is the greatest common divisor of 29767 and 3961?
17
What is the highest common divisor of 534 and 35724?
6
Calculate the highest common factor of 6981 and 351.
39
What is the highest common divisor of 58 and 865534?
58
Calculate the highest common divisor of 16515 and 435.
15
What is the highest common factor of 106 and 294362?
106
Calculate the highest common factor of 149298 and 1169.
167
What is the greatest common divisor of 4426322 and 206?
206
Calculate the greatest common divisor of 331 and 353508.
331
What is the highest common divisor of 13456 and 4?
4
Calculate the greatest common factor of 299441 and 111.
37
Calculate the highest common divisor of 3471734 and 2212.
1106
Calculate the greatest common factor of 26470 and 730.
10
Calculate the greatest common factor of 200 and 135950.
50
Calculate the greatest common factor of 32300 and 3914.
38
Calculate the greatest common divisor of 208 and 8645.
13
What is the highest common divisor of 9627 and 21?
3
Calculate the highest common factor of 153549 and 14157.
1089
What is the greatest common factor of 1405 and 755?
5
Calculate the highest common divisor of 44 and 68398.
22
What is the greatest common factor of 21837 and 203?
29
What is the greatest common factor of 2988 and 20584?
332
What is the greatest common divisor of 678 and 4392?
6
Calculate the greatest common factor of 7139 and 46728.
649
Calculate the greatest common factor of 16904 and 72.
8
Calculate the highest common divisor of 18175 and 50.
25
Calculate the greatest common divisor of 418 and 291574.
38
What is the highest common factor of 1409 and 4908956?
1409
Calculate the greatest common divisor of 1489170 and 30.
30
Calculate the highest common divisor of 378 and 24192.
378
What is the greatest common factor of 3456 and 42?
6
Calculate the greatest common factor of 12388 and 988.
76
Calculate the highest common divisor of 124320 and 925.
185
What is the greatest common factor of 573 and 154519?
191
What is the greatest common factor of 1887582 and 6?
6
Calculate the highest common factor of 16171 and 43363.
103
What is the greatest common divisor of 2387 and 98?
7
Calculate the greatest common divisor of 550068 and 828.
276
What is the greatest common divisor of 12857 and 135493?
989
Calculate the greatest common factor of 25712 and 3568.
16
What is the highest common divisor of 617 and 365881?
617
Calculate the highest common divisor of 1265 and 1696871.
253
What is the highest common divisor of 3728024 and 552?
184
Calculate the greatest common factor of 1476 and 6437.
41
What is the highest common factor of 8118 and 23862?
246
What is the greatest common divisor of 2451 and 415853?
817
Calculate the greatest common factor of 2756 and 191224.
212
Calculate the highest common factor of 342 and 83106.
342
Calculate the highest common divisor of 764 and 7661010.
382
Calculate the greatest common factor of 406 and 462.
14
What is the greatest common divisor of 570 and 816810?
570
What is the highest common factor of 124017 and 134?
67
What is the greatest common divisor of 556 and 2363?
139
Calculate the greatest common factor of 10130 and 10.
10
Calculate the greatest common factor of 396 and 3390354.
198
What is the greatest common factor of 225 and 276525?
225
Calculate the greatest common divisor of 12960 and 3540.
60
What is the greatest common divisor of 486 and 15282?
54
What is the highest common factor of 259479 and 198?
99
Calculate the greatest common factor of 3012 and 36.
12
Calculate the highest common divisor of 2355 and 165.
15
Calculate the highest common divisor of 43 and 199907.
43
What is the highest common divisor of 11515 and 7285?
235
Calculate the highest common divisor of 850 and 20162.
34
What is the highest common factor of 1505 and 1346975?
1505
Calculate the highest common divisor of 13439 and 16376.
89
What is the highest common divisor of 1517 and 138088?
41
What is the highest common divisor of 15325 and 275?
25
What is the greatest common factor of 109 and 68125?
109
Calculate the highest common divisor of 33 and 58091.
11
What is the greatest common factor of 33196 and 860?
172
What is the highest common divisor of 21120 and 38544?
528
What is the greatest common factor of 107072 and 1434?
478
Calculate the greatest common divisor of 77 and 10043.
11
Calculate the greatest common factor of 1185 and 261727.
79
Calculate the greatest common divisor of 4542064 and 536.
536
Calculate the greatest common factor of 16135 and 2901995.
2305
Calculate the greatest common divisor of 81316